{"id":43,"date":"2024-10-27T18:04:07","date_gmt":"2024-10-27T18:04:07","guid":{"rendered":"https:\/\/salamanteri.info\/?page_id=43"},"modified":"2026-04-23T12:39:26","modified_gmt":"2026-04-23T12:39:26","slug":"tarjoukset","status":"publish","type":"page","link":"https:\/\/salamanteri.info\/index.php\/tarjoukset\/","title":{"rendered":"Tarjouksia \/ tapahtumia:"},"content":{"rendered":"\n<p>Torstaina 23.4. kello 17.00 alkaen Koiranp\u00e4iv\u00e4n etkot -koirak\u00e4vely.<\/p>\n\n\n\n<p>Teemme noin puolen tunnin yhteislenkin Hyvink\u00e4\u00e4n keskustassa.<\/p>\n\n\n\n<p>Tervetuloa!<\/p>\n\n\n\n<figure class=\"wp-block-image size-full\"><img loading=\"lazy\" decoding=\"async\" width=\"400\" height=\"363\" src=\"https:\/\/salamanteri.info\/wp-content\/uploads\/2026\/04\/koiranpaiva_logo_vihrea.jpg\" alt=\"\" class=\"wp-image-278\" srcset=\"https:\/\/salamanteri.info\/wp-content\/uploads\/2026\/04\/koiranpaiva_logo_vihrea.jpg 400w, https:\/\/salamanteri.info\/wp-content\/uploads\/2026\/04\/koiranpaiva_logo_vihrea-300x272.jpg 300w\" sizes=\"auto, (max-width: 400px) 100vw, 400px\" \/><\/figure>\n\n\n\n<p><\/p>\n\n\n\n<p>FURminator &#8211; t\u00e4ydellinen lemmikkien karvanpoistoty\u00f6kalu!<\/p>\n\n\n\n<p>NYT tarjouksessa &#8211; 20 % <\/p>\n\n\n\n<p>Poistaa jopa 90 % irtokarvasta.<\/p>\n\n\n\n<p>Poistaa karvaa p\u00e4\u00e4llyskarvaa ja ihoa vanhingoittamatta.<\/p>\n\n\n\n<p> <\/p>\n\n\n\n<p>Amanova koiraruoat -30 %! <\/p>\n\n\n\n<p>2 kg pussit 25,90 (kaniini, lammas, peura tai vaalea kala)<\/p>\n\n\n\n<p>10 kg pussi 82,90 (kaniini tai vaalea kala)<\/p>\n\n\n\n<figure class=\"wp-block-image size-full\"><img loading=\"lazy\" decoding=\"async\" width=\"649\" height=\"1024\" src=\"https:\/\/salamanteri.info\/wp-content\/uploads\/2026\/04\/amanova-adult-digestive-divine-aikuisille-koirille-kanin-8c12d_reference.jpg\" alt=\"\" class=\"wp-image-277\" srcset=\"https:\/\/salamanteri.info\/wp-content\/uploads\/2026\/04\/amanova-adult-digestive-divine-aikuisille-koirille-kanin-8c12d_reference.jpg 649w, https:\/\/salamanteri.info\/wp-content\/uploads\/2026\/04\/amanova-adult-digestive-divine-aikuisille-koirille-kanin-8c12d_reference-190x300.jpg 190w\" sizes=\"auto, (max-width: 649px) 100vw, 649px\" \/><\/figure>\n\n\n\n<p>Koiranruokatarjouksia:<\/p>\n\n\n\n<p>Monsterin uusi Classic sarja    2kg 12,90    ja 17 kg    54,90 \/ 64,90<\/p>\n\n\n\n<p>Golden Eagle puppy ruokasarja  &#8211; 20 %<\/p>\n\n\n\n<p>Tarjoukset voimassa 11.4.2026 asti tai niin kauan kuin er\u00e4\u00e4 riitt\u00e4\u00e4.<\/p>\n\n\n\n<p><\/p>\n\n\n\n<p><\/p>\n\n\n\n<p>7.3. asti tarjouksessa:<\/p>\n\n\n\n<p>Eukanubaa koirille edullisesti!<\/p>\n\n\n\n<p>Medium ja Maxi adult 15 kg s\u00e4kit &#8211; 25 %<\/p>\n\n\n\n<p>Whimzees puruherkut koirille: S\u00e4\u00e4st\u00f6laatikot 24,90 \u20ac <\/p>\n\n\n\n<p>Laatikossa S 56 kpl purutikkuja, M 28 kpl tai L 14 kpl<\/p>\n\n\n\n<p>N\u00e4m\u00e4 ovat maistuvia ja herkillekin sopivia purtavia! Kannattaa kokeilla.<\/p>\n\n\n\n<figure class=\"wp-block-image size-large\"><img loading=\"lazy\" decoding=\"async\" width=\"1024\" height=\"768\" src=\"https:\/\/salamanteri.info\/wp-content\/uploads\/2026\/02\/Whimzees-1024x768.jpg\" alt=\"\" class=\"wp-image-261\" srcset=\"https:\/\/salamanteri.info\/wp-content\/uploads\/2026\/02\/Whimzees-1024x768.jpg 1024w, https:\/\/salamanteri.info\/wp-content\/uploads\/2026\/02\/Whimzees-300x225.jpg 300w, https:\/\/salamanteri.info\/wp-content\/uploads\/2026\/02\/Whimzees-768x576.jpg 768w, https:\/\/salamanteri.info\/wp-content\/uploads\/2026\/02\/Whimzees-1536x1152.jpg 1536w, https:\/\/salamanteri.info\/wp-content\/uploads\/2026\/02\/Whimzees.jpg 1600w\" sizes=\"auto, (max-width: 767px) 89vw, (max-width: 1000px) 54vw, (max-width: 1071px) 543px, 580px\" \/><\/figure>\n\n\n\n<p><\/p>\n\n\n\n<p>Tortaina 18.12. klo 15 &#8211; 18.30 on meill\u00e4 koirien joulujuhla!<\/p>\n\n\n\n<p>Koirille on makkaransy\u00f6ntikilpailu, laitamme jonoon Monster makkaranpaloja,<\/p>\n\n\n\n<p>koira joka on nopein voittaa herkkukassin!<\/p>\n\n\n\n<p>Jokainen osallistuja palkitaan.<\/p>\n\n\n\n<p>Kello 15.00 eteenp\u00e4in on Monster makkaran maistiaisia sek\u00e4<\/p>\n\n\n\n<p>Snuffle koiranolut tasting  \ud83d\ude00<\/p>\n\n\n\n<p>Monsterin 400 g s\u00e4ilykkeet ovat hyv\u00e4ss\u00e4 tarjouksessa: 2,50 \u20ac prk (norm. 4,50)<\/p>\n\n\n\n<p>Omistajat saavat gl\u00f6gi\u00e4 ja pipareita.<\/p>\n\n\n\n<p>Ja muistathan, ett\u00e4 kest\u00e4v\u00e4t kotimaiset Rauh puruluut ovat huikeassa tarjouksessa:<\/p>\n\n\n\n<p>OTA 3 MAKSA 2.  Tarjoamme edullisimman.<\/p>\n\n\n\n<p>Tervetuloa!<\/p>\n\n\n\n<figure class=\"wp-block-image size-large\"><img loading=\"lazy\" decoding=\"async\" width=\"1024\" height=\"683\" src=\"https:\/\/salamanteri.info\/wp-content\/uploads\/2025\/12\/rauh_joululahjastaffi-1024x683.jpg\" alt=\"\" class=\"wp-image-248\" srcset=\"https:\/\/salamanteri.info\/wp-content\/uploads\/2025\/12\/rauh_joululahjastaffi-1024x683.jpg 1024w, https:\/\/salamanteri.info\/wp-content\/uploads\/2025\/12\/rauh_joululahjastaffi-300x200.jpg 300w, https:\/\/salamanteri.info\/wp-content\/uploads\/2025\/12\/rauh_joululahjastaffi-768x513.jpg 768w, https:\/\/salamanteri.info\/wp-content\/uploads\/2025\/12\/rauh_joululahjastaffi.jpg 1335w\" sizes=\"auto, (max-width: 767px) 89vw, (max-width: 1000px) 54vw, (max-width: 1071px) 543px, 580px\" \/><\/figure>\n\n\n\n<p>Launtaina 29.11. Salamanterissa k\u00e4\u00e4pi\u00f6snautserin pentuja klo 13 &#8211; 14<\/p>\n\n\n\n<p>Tule tutustumaan pieneen, hienoon rotuun!<\/p>\n\n\n\n<p>PERJANTAINA ja LAUANTAINA 28.11. MYYNNISS\u00c4 MYSTEERIKASSEJA 20 \u20ac KPL. Kassissa on tuotteita n. 38 -45 \u20ac arvosta! Kasseissa voi olla ruokaa, herkkuja, purtavaa, leluja tai n\u00e4it\u00e4 kaikkia! Kasseja on koirille, kissoille ja kaneille.<\/p>\n\n\n\n<p>Tarjouksessa 29.11. asti:<\/p>\n\n\n\n<p>Golden Eagle koiranruoka -20 %<\/p>\n\n\n\n<p>Ever Clean kissanhiekka 19,90 \u20ac 10 ltr laatikko<\/p>\n\n\n\n<figure class=\"wp-block-image size-large\"><img loading=\"lazy\" decoding=\"async\" width=\"724\" height=\"1024\" src=\"https:\/\/salamanteri.info\/wp-content\/uploads\/2025\/11\/golden-week-2025-724x1024.jpg\" alt=\"\" class=\"wp-image-240\" srcset=\"https:\/\/salamanteri.info\/wp-content\/uploads\/2025\/11\/golden-week-2025-724x1024.jpg 724w, https:\/\/salamanteri.info\/wp-content\/uploads\/2025\/11\/golden-week-2025-212x300.jpg 212w, https:\/\/salamanteri.info\/wp-content\/uploads\/2025\/11\/golden-week-2025-768x1086.jpg 768w, https:\/\/salamanteri.info\/wp-content\/uploads\/2025\/11\/golden-week-2025-1086x1536.jpg 1086w, https:\/\/salamanteri.info\/wp-content\/uploads\/2025\/11\/golden-week-2025.jpg 1414w\" sizes=\"auto, (max-width: 724px) 100vw, 724px\" \/><\/figure>\n\n\n\n<figure class=\"wp-block-image size-full\"><img loading=\"lazy\" decoding=\"async\" width=\"226\" height=\"223\" src=\"https:\/\/salamanteri.info\/wp-content\/uploads\/2025\/02\/ec1990.jpg\" alt=\"\" class=\"wp-image-178\" srcset=\"https:\/\/salamanteri.info\/wp-content\/uploads\/2025\/02\/ec1990.jpg 226w, https:\/\/salamanteri.info\/wp-content\/uploads\/2025\/02\/ec1990-100x100.jpg 100w\" sizes=\"auto, (max-width: 226px) 100vw, 226px\" \/><\/figure>\n\n\n\n<p><\/p>\n\n\n\n<p>Tarjouksessa 31.10.2025 saakka:<\/p>\n\n\n\n<p>Kaikki Royal Canin tuotteet &#8211; 20 %<\/p>\n\n\n\n<p>Tule ja osallistu arvontaan, jossa voit voittaa Royal Canin tuotteita lemmikillesi!<\/p>\n\n\n\n<figure class=\"wp-block-image size-full\"><img loading=\"lazy\" decoding=\"async\" width=\"600\" height=\"600\" src=\"https:\/\/salamanteri.info\/wp-content\/uploads\/2023\/11\/RC_kissa.png\" alt=\"\" class=\"wp-image-29\" srcset=\"https:\/\/salamanteri.info\/wp-content\/uploads\/2023\/11\/RC_kissa.png 600w, https:\/\/salamanteri.info\/wp-content\/uploads\/2023\/11\/RC_kissa-300x300.png 300w, https:\/\/salamanteri.info\/wp-content\/uploads\/2023\/11\/RC_kissa-150x150.png 150w\" sizes=\"auto, (max-width: 600px) 100vw, 600px\" \/><\/figure>\n\n\n\n<p>Tarjouksia 9.8. asti:<\/p>\n\n\n\n<ul class=\"wp-block-list\">\n<li>JR Farm kanien ja jyrsij\u00f6iden herkut &#8211; 25 %<\/li>\n\n\n\n<li>Sera kalanruoat &#8211; 25 %<\/li>\n\n\n\n<li>Orijen Cat kuivaruoka &#8211; 15 %<\/li>\n\n\n\n<li>Acana Dog Duck kuivaruoka &#8211; 15 %<\/li>\n\n\n\n<li>Monster Dog 400 g purkkiruoka 2,50 \u20ac kpl<\/li>\n\n\n\n<li>Eukanuba Endurance energiaruoka 15 kg 64,90 \u20ac<\/li>\n\n\n\n<li><\/li>\n<\/ul>\n\n\n\n<p>Kelluvia leluja West Pawlta alehintaan!<\/p>\n\n\n\n<p>Snorkl, Sailz sek\u00e4 Drifty lelut NYT 15,90 \u20ac kpl!<\/p>\n\n\n\n<figure class=\"wp-block-image size-large\"><img loading=\"lazy\" decoding=\"async\" width=\"1024\" height=\"1024\" src=\"https:\/\/salamanteri.info\/wp-content\/uploads\/2025\/07\/wpsnorkl-1024x1024.jpg\" alt=\"\" class=\"wp-image-211\" srcset=\"https:\/\/salamanteri.info\/wp-content\/uploads\/2025\/07\/wpsnorkl-1024x1024.jpg 1024w, https:\/\/salamanteri.info\/wp-content\/uploads\/2025\/07\/wpsnorkl-300x300.jpg 300w, https:\/\/salamanteri.info\/wp-content\/uploads\/2025\/07\/wpsnorkl-150x150.jpg 150w, https:\/\/salamanteri.info\/wp-content\/uploads\/2025\/07\/wpsnorkl-768x768.jpg 768w, https:\/\/salamanteri.info\/wp-content\/uploads\/2025\/07\/wpsnorkl-1536x1536.jpg 1536w, https:\/\/salamanteri.info\/wp-content\/uploads\/2025\/07\/wpsnorkl-2048x2048.jpg 2048w, https:\/\/salamanteri.info\/wp-content\/uploads\/2025\/07\/wpsnorkl-100x100.jpg 100w\" sizes=\"auto, (max-width: 767px) 89vw, (max-width: 1000px) 54vw, (max-width: 1071px) 543px, 580px\" \/><\/figure>\n\n\n\n<p><\/p>\n\n\n\n<p><\/p>\n\n\n\n<p>Golden Eagle sek\u00e4 Ever Clean tarjoukset voimassa 7.6.2025 saakka.<\/p>\n\n\n\n<p><\/p>\n\n\n\n<p>Golden Eagle Holistic 12 kg  sek\u00e4 Hypo 10 kg s\u00e4kit  &#8211; 20 %<\/p>\n\n\n\n<p>Ever Clean kissanhiekkalaatikot 19,90 \u20ac.<\/p>\n\n\n\n<p><\/p>\n\n\n\n<figure class=\"wp-block-image size-full\"><img loading=\"lazy\" decoding=\"async\" width=\"226\" height=\"223\" src=\"https:\/\/salamanteri.info\/wp-content\/uploads\/2025\/02\/ec1990.jpg\" alt=\"\" class=\"wp-image-178\" srcset=\"https:\/\/salamanteri.info\/wp-content\/uploads\/2025\/02\/ec1990.jpg 226w, https:\/\/salamanteri.info\/wp-content\/uploads\/2025\/02\/ec1990-100x100.jpg 100w\" sizes=\"auto, (max-width: 226px) 100vw, 226px\" \/><\/figure>\n\n\n\n<p><\/p>\n\n\n\n<p><\/p>\n\n\n\n<p><\/p>\n\n\n\n<p>Tarjouksessa 1.-15.2.2025 Royal Canin m\u00e4rk\u00e4ruokalaatikot 15,90 \u20ac kpl.<\/p>\n\n\n\n<p>Kampanjaan kuuluvat seuraavat laadut: kitten, sterilised, indoor, savour taste sek\u00e4 ageing +12.<\/p>\n\n\n\n<p><\/p>\n\n\n\n<p><\/p>\n\n\n\n<p>West Paw Rumbl koirien aktivointilelu &#8211; 30 % !!! Kamppikseen kuuluvat v\u00e4rit: lila, vihre\u00e4 ja meloni.  Tarjous voimassa helmikuun.<\/p>\n\n\n\n<figure class=\"wp-block-image size-full\"><img loading=\"lazy\" decoding=\"async\" width=\"400\" height=\"400\" src=\"https:\/\/salamanteri.info\/wp-content\/uploads\/2025\/02\/rumbl.jpg\" alt=\"\" class=\"wp-image-169\" srcset=\"https:\/\/salamanteri.info\/wp-content\/uploads\/2025\/02\/rumbl.jpg 400w, https:\/\/salamanteri.info\/wp-content\/uploads\/2025\/02\/rumbl-300x300.jpg 300w, https:\/\/salamanteri.info\/wp-content\/uploads\/2025\/02\/rumbl-150x150.jpg 150w, https:\/\/salamanteri.info\/wp-content\/uploads\/2025\/02\/rumbl-100x100.jpg 100w\" sizes=\"auto, (max-width: 400px) 100vw, 400px\" \/><\/figure>\n\n\n\n<p>Tarjouksessa my\u00f6s West Paw Feast Mat aktivointialusta, johon on hyv\u00e4 levitt\u00e4\u00e4 lihaa, m\u00e4rk\u00e4ruokaa, jogurttia, kananmunaa, raejuustoa tai vaikka piim\u00e4\u00e4.  Alusta on kaksipuoleinen, kuvioita on kaksi erilaista ja v\u00e4rej\u00e4 3 erilaiseta. Feast Matin voi pakastaa sek\u00e4 pest\u00e4 astianpesukoneessa. Tarjous voimassa 31.3.2025 asti.<\/p>\n\n\n\n<figure class=\"wp-block-image size-large\"><img loading=\"lazy\" decoding=\"async\" width=\"1024\" height=\"1024\" src=\"https:\/\/salamanteri.info\/wp-content\/uploads\/2025\/02\/feastmat-1024x1024.jpg\" alt=\"\" class=\"wp-image-172\" srcset=\"https:\/\/salamanteri.info\/wp-content\/uploads\/2025\/02\/feastmat-1024x1024.jpg 1024w, https:\/\/salamanteri.info\/wp-content\/uploads\/2025\/02\/feastmat-300x300.jpg 300w, https:\/\/salamanteri.info\/wp-content\/uploads\/2025\/02\/feastmat-150x150.jpg 150w, https:\/\/salamanteri.info\/wp-content\/uploads\/2025\/02\/feastmat-768x768.jpg 768w, https:\/\/salamanteri.info\/wp-content\/uploads\/2025\/02\/feastmat-1536x1536.jpg 1536w, https:\/\/salamanteri.info\/wp-content\/uploads\/2025\/02\/feastmat-2048x2048.jpg 2048w, https:\/\/salamanteri.info\/wp-content\/uploads\/2025\/02\/feastmat-100x100.jpg 100w\" sizes=\"auto, (max-width: 767px) 89vw, (max-width: 1000px) 54vw, (max-width: 1071px) 543px, 580px\" \/><figcaption class=\"wp-element-caption\">Version 1.0.0<\/figcaption><\/figure>\n\n\n\n<h2 class=\"wp-block-heading\">Loppiaisena 6.1.2025 liike suljettu. <\/h2>\n\n\n\n<p>Tervetuloa taas ostoksille tiistaina klo 10-18 !<\/p>\n\n\n\n<p><\/p>\n\n\n\n<p><\/p>\n\n\n\n<p><\/p>\n\n\n\n<figure class=\"wp-block-image size-full\"><img loading=\"lazy\" decoding=\"async\" width=\"940\" height=\"788\" src=\"https:\/\/salamanteri.info\/wp-content\/uploads\/2024\/12\/avoinna-ma-10-18.png\" alt=\"\" class=\"wp-image-154\" srcset=\"https:\/\/salamanteri.info\/wp-content\/uploads\/2024\/12\/avoinna-ma-10-18.png 940w, https:\/\/salamanteri.info\/wp-content\/uploads\/2024\/12\/avoinna-ma-10-18-300x251.png 300w, https:\/\/salamanteri.info\/wp-content\/uploads\/2024\/12\/avoinna-ma-10-18-768x644.png 768w\" sizes=\"auto, (max-width: 767px) 89vw, (max-width: 1000px) 54vw, (max-width: 1071px) 543px, 580px\" \/><\/figure>\n\n\n\n<p><\/p>\n\n\n\n<p><\/p>\n\n\n\n<p>16.-24.12.2024 tarjouksessa er\u00e4 kotimaisia RAUH puruluita.<\/p>\n\n\n\n<p>15 cm Batukat, K\u00e4\u00e4r\u00f6t sek\u00e4 20 cm rullat &#8211; 25 % alennuksessa.<\/p>\n\n\n\n<p>N\u00e4m\u00e4 ovat tehty naudannahasta, kest\u00e4vi\u00e4, puhtaita, kotimaisia puruluita.<\/p>\n\n\n\n<figure class=\"wp-block-image size-large\"><img loading=\"lazy\" decoding=\"async\" width=\"1024\" height=\"683\" src=\"https:\/\/salamanteri.info\/wp-content\/uploads\/2024\/12\/rauh_joululahjastaffi-1024x683.jpg\" alt=\"\" class=\"wp-image-152\" srcset=\"https:\/\/salamanteri.info\/wp-content\/uploads\/2024\/12\/rauh_joululahjastaffi-1024x683.jpg 1024w, https:\/\/salamanteri.info\/wp-content\/uploads\/2024\/12\/rauh_joululahjastaffi-300x200.jpg 300w, https:\/\/salamanteri.info\/wp-content\/uploads\/2024\/12\/rauh_joululahjastaffi-768x513.jpg 768w, https:\/\/salamanteri.info\/wp-content\/uploads\/2024\/12\/rauh_joululahjastaffi.jpg 1335w\" sizes=\"auto, (max-width: 767px) 89vw, (max-width: 1000px) 54vw, (max-width: 1071px) 543px, 580px\" \/><\/figure>\n","protected":false},"excerpt":{"rendered":"<p>Torstaina 23.4. kello 17.00 alkaen Koiranp\u00e4iv\u00e4n etkot -koirak\u00e4vely. Teemme noin puolen tunnin yhteislenkin Hyvink\u00e4\u00e4n keskustassa. Tervetuloa! FURminator &#8211; t\u00e4ydellinen lemmikkien karvanpoistoty\u00f6kalu! NYT tarjouksessa &#8211; 20 % Poistaa jopa 90 % irtokarvasta. Poistaa karvaa p\u00e4\u00e4llyskarvaa ja ihoa vanhingoittamatta. Amanova koiraruoat -30 %! 2 kg pussit 25,90 (kaniini, lammas, peura tai vaalea kala) 10 kg pussi 82,90 &hellip; <\/p>\n<p class=\"link-more\"><a href=\"https:\/\/salamanteri.info\/index.php\/tarjoukset\/\" class=\"more-link\">Jatka lukemista<span class=\"screen-reader-text\"> &#8221;Tarjouksia \/ tapahtumia:&#8221;<\/span><\/a><\/p>\n","protected":false},"author":1,"featured_media":0,"parent":0,"menu_order":0,"comment_status":"closed","ping_status":"closed","template":"","meta":{"footnotes":""},"class_list":["post-43","page","type-page","status-publish","hentry"],"_links":{"self":[{"href":"https:\/\/salamanteri.info\/index.php\/wp-json\/wp\/v2\/pages\/43","targetHints":{"allow":["GET"]}}],"collection":[{"href":"https:\/\/salamanteri.info\/index.php\/wp-json\/wp\/v2\/pages"}],"about":[{"href":"https:\/\/salamanteri.info\/index.php\/wp-json\/wp\/v2\/types\/page"}],"author":[{"embeddable":true,"href":"https:\/\/salamanteri.info\/index.php\/wp-json\/wp\/v2\/users\/1"}],"replies":[{"embeddable":true,"href":"https:\/\/salamanteri.info\/index.php\/wp-json\/wp\/v2\/comments?post=43"}],"version-history":[{"count":23,"href":"https:\/\/salamanteri.info\/index.php\/wp-json\/wp\/v2\/pages\/43\/revisions"}],"predecessor-version":[{"id":279,"href":"https:\/\/salamanteri.info\/index.php\/wp-json\/wp\/v2\/pages\/43\/revisions\/279"}],"wp:attachment":[{"href":"https:\/\/salamanteri.info\/index.php\/wp-json\/wp\/v2\/media?parent=43"}],"curies":[{"name":"wp","href":"https:\/\/api.w.org\/{rel}","templated":true}]}}